*(4 + -1 + 0). Suppose 0*p = x*p - 9. Suppose 0 = -5*z + 8 - p. What is the units digit of z?
1
Let r(l) = 2*l - 18. Let s(o) be the first derivative of -3*o**2/2 + 18*o - 3. Let d(p) = -4*r(p) - 3*s(p). What is the units digit of d(-10)?
8
Suppose 5 + 7 = -4*h. What is the units digit of ((-8)/h)/((-6)/(-9))?
4
Let p(g) = 10*g - 5. What is the tens digit of p(4)?
3
Let n(r) = 5*r**2 + 3*r + 2. What is the units digit of n(-2)?
6
Let w = 18 + -9. Suppose 4*y + 90 = w*y. What is the units digit of y?
8
Let n(l) be the first derivative of 2*l**3/3 - 7*l**2/2 + 5*l - 1. Let f be n(5). Suppose k - 2*b - 10 = -3*k, 2*k = -4*b + f. What is the units digit of k?
4
Let o be 19/(-2) - 1/2. Let h(q) = 6*q**3 - q - 17*q**3 - 10*q**2 + 9 + 10*q**3. What is the units digit of h(o)?
9
Let b(s) = -s**3 - 8*s**2 - 8*s - 3. Let t be b(-7). Suppose 3*n - t*m = 7*n - 48, 2*n + 4*m = 32. What is the units digit of n?
8
Suppose -5*x - 332 + 111 = -4*w, w = -4*x + 71. What is the units digit of w?
9
Let n(b) = 2*b**2 + 13*b + 5. Let l(r) = r**2 + r - 1. Let u(c) = 3*l(c) - n(c). What is the units digit of u(11)?
3
Suppose 0 = -4*t + 3*m + 460, 5*t - m - 576 = 3*m. Suppose -5*l - t = -9*l. What is the tens digit of l?
2
Let t be 2/1 - (-16)/(-8). Suppose 4*a - 20 = -t*a. Suppose -3*i + 9*u = 4*u - a, 2*i - 6 = 2*u. What is the units digit of i?
5
Let k(u) be the first derivative of u**4/4 + 4*u**3/3 - u**2 - u + 2. What is the tens digit of k(2)?
1
What is the tens digit of (0 - 4)*(-77)/22?
1
Suppose -5*o = -2*o - 177. What is the units digit of o?
9
Let y be 3 - 2/6*3. Suppose -b = -y*b. Suppose -2*m - 4*n + 34 = 0, -3*n + b*n = 2*m - 33. What is the units digit of m?
5
Suppose -4*t = t + 30. What is the tens digit of -4*t/(0 + 2)?
1
Let q = 8 + -8. Suppose 0 = -m - 3, 0 = 2*r - q*m - 5*m - 17. What is the units digit of r?
1
Let w = -114 - -203. What is the units digit of w?
9
What is the tens digit of 2/(5/(2415/6))?
6
Let z(v) = -v**2 - 7*v + 6. Let w be z(-6). Suppose 4 - w = -d + b, 5*d = 3*b + 48. What is the tens digit of d?
1
Let v be 16*1 + -4 + 6. What is the units digit of v - -1*(-3)/1?
5
Suppose -t - 2*t + 75 = 0. Suppose -4*a + 11 = -0*o - o, -t = -5*a. Suppose -o = -3*c + 21. What is the units digit of c?
0
Let k = -25 - -47. Let t be (-48)/4 - (0/(-3) + -1). Let a = t + k. What is the units digit of a?
1
Let w(d) = d**2 + 3*d - 17. What is the tens digit of w(9)?
9
Suppose 0 = -4*i - 3*o + 16, 6*i - i + o - 31 = 0. What is the units digit of i?
7
Suppose 0 = -u - 1 - 1. What is the units digit of (-6)/u*3 + 3?
2
Let r = -3 - -7. Suppose -6 - 30 = -r*j. What is the units digit of j?
9
Suppose j + 0*j = -3*x + 24, 4*x + j - 33 = 0. Let d be 97/9 - (-2)/x. Suppose -d = -w - 4. What is the units digit of w?
7
Suppose -i - i + 8 = 0. Suppose 5*h = -3*s + 66, -s - 3*s - 72 = -i*h. What is the tens digit of h?
1
Let l = -3 - -6. Let r be ((-2)/l)/((-2)/9). Suppose 2*p + 5*z = 12, -2*p + 2*z + 12 = r*z. What is the units digit of p?
6
Let a be 0 - (-1 + -2 + 1). Suppose 18 = -a*z + 5*z. What is the units digit of z/3 + 0 - -3?
5
Let u be (-4)/6 + (-2636)/(-12). What is the units digit of 4/(-14) + u/7?
1
Suppose -27 + 111 = 3*k. What is the units digit of k?
8
Suppose -j + 3 + 4 = 0. Let f be 2/j + 48/28. What is the units digit of -1*(1 - f) + 7?
8
Suppose -5*h + 111 = 2*k - 220, -745 = -5*k + 4*h. What is the hundreds digit of k?
1
Suppose 5*n = 5*u - 1605, 3*u + 2*n = 4*n + 966. What is the hundreds digit of u?
3
Suppose 0*w + 32 = -4*w. Let t = w - -14. What is the units digit of t?
6
Suppose 0 = 3*j + 4*i - 223, -3*j + 51 = 3*i - 171. What is the tens digit of j?
7
Let h(o) = 3*o**3 - 12*o**2 - 11*o - 4. What is the units digit of h(7)?
0
Let c = -260 - -466. What is the hundreds digit of c?
2
What is the units digit of (-10 + -164)*2/(-4)?
7
Let t(j) be the third derivative of j**5/60 + j**4/6 + 5*j**3/6 + 3*j**2. What is the units digit of t(-4)?
5
Suppose -7*q + 2*q = 0. Suppose 4*b - 12 = -0*b. Suppose -b*n + 7 + 2 = q. What is the units digit of n?
3
Suppose -2*x + 15 = 5*s, 3*s - 5*x = 4*s - 3. Suppose s*a + 63 = 6*a. Suppose 0 = n - 2*d - a, 0*n - 5*n = 3*d - 53. What is the tens digit of n?
1
Let d be -6*4/8 + 10*1. Suppose 4*v - 6 = 18. Let u = d - v. What is the units digit of u?
1
Suppose 3*t = h + 3*h - 78, -3*t = 6. What is the tens digit of h?
1
Let g be (-21 + (-6)/(-3))/(-1). Suppose -p + g = -22. What is the tens digit of p?
4
Suppose -4*l + 2 = -2. Let m = l - -2. What is the units digit of m?
3
Let q be 1/(-2) + (-12)/8. Let l(n) = -5*n**3 + n**2 + n + 1. What is the units digit of l(q)?
3
Let p = 197 - 123. What is the tens digit of p?
7
Suppose q + 3*o + 3 - 14 = 0, 2*q = 3*o + 22. What is the tens digit of q?
1
Let a(k) be the second derivative of 0*k**4 - k - 1/6*k**3 + 1/20*k**5 + 0*k**2 + 0. What is the units digit of a(2)?
6
Let q(p) = -p**3 - 4*p**2 - 3*p. Suppose 0 = -2*y - 2, 0*y = 3*w - 2*y + 4. Let o be q(w). What is the tens digit of 1*(1*8 - o)?
1
What is the units digit of (-6)/(1 + -3)*328/12?
2
Let t(s) = s**3 - 9*s**2 + 9*s - 4. Let n be t(8). Suppose 19 = 5*w + n. Suppose -w*j + 8 = -10. What is the units digit of j?
6
Let t = 161 + -47. What is the units digit of t?
4
Let i(m) = -31*m - 5. What is the units digit of i(-3)?
8
Let j = -28 - -42. What is the units digit of j?
4
Let g(j) = j**2 + 6*j - 2. Let i be g(-7). Suppose -i*f = -25, -5*z + f + 38 + 2 = 0. What is the units digit of z?
9
Suppose -10 = -3*j + 8. Suppose -3*t = -j*t. What is the units digit of (t - 1)/((-1)/3)?
3
Let b(y) = 2*y. Let a(n) = n + 6. Let d be a(-9). Let q be b(d). What is the tens digit of ((-26)/q)/(6/18)?
1
Suppose -14 = -3*b + 1. Suppose 0 = -g - b*f + 14, 0*g - f = 4*g + 20. Let z = 11 + g. What is the units digit of z?
5
Let p = 2 + -1. Let x be 0/(1/p)*1. Suppose -4*o - 20 = x, -3*o = 4*j - 0 - 17. What is the units digit of j?
8
Suppose 2*v = h - 46, -5*h = -2*v - 0*v - 38. Let a = 60 + v. What is the units digit of a?
6
What is the hundreds digit of (2 - -1)/(3/(3 + 198))?
2
Suppose -52 = -3*q + 38. Suppose -r - 5*o - q = r, 5*o + 20 = -r. What is the units digit of -1 + -1 - r/1?
8
Let s = 56 + -2. Let b = s - 20. What is the units digit of b?
4
Suppose 2*i - 95 = -8*l + 3*l, -2*l = -i - 38. Let c = l + -13. What is the units digit of c?
6
Let v = -118 - -180. What is the units digit of v?
2
Suppose 0 = -2*g + 2 - 0. Suppose -11 = -4*p + g. What is the units digit of p?
3
What is the units digit of 21/(-14)*350/(-3)?
5
Let z(t) be the first derivative of t**5/60 + t**4/4 + 2*t**3/3 + 3*t**2/2 - 3. Let d(o) be the second derivative of z(o). What is the units digit of d(-6)?
4
Let q(n) = n**3 + 17*n**2 + 18*n + 13. What is the hundreds digit of q(-15)?
1
Let k be 3 + -1 + (1 - 2). Let u be 8/2*k/2. What is the units digit of 0 - 3 - (u + -8)?
3
Suppose 5*i = -i. Let s(b) = -b**3 + b**2 + b + 19. What is the units digit of s(i)?
9
Let u(r) = -9*r + 2. Let a = -6 - -4. What is the units digit of u(a)?
0
Let l be 6/(-4) - (-2983)/(-38). Let w = 118 + l. What is the units digit of w?
8
Suppose 2*o - 3*o + g + 65 = 0, -2*o - 5*g + 102 = 0. What is the units digit of o?
1
Let v(f) = 2*f**2 - 10*f - 47. What is the hundreds digit of v(-10)?
2
Let i = -8 - -12. Suppose -4 + 16 = i*h. Suppose -6*l - 2*n + 50 = -2*l, h*l = n + 35. What is the tens digit of l?
1
What is the tens digit of (1*-1)/(13/(-1183))?
9
Let y be -4*2/(-4) - -4. Let l(x) = x - 2. Let k be l(y). What is the units digit of k/12 + 4/6?
1
Suppose -x + 7 = 47. What is the tens digit of x/(-3) - (-8)/12?
1
Let o be 48/(-18)*3/2. Let j(r) = -r**2 - 5*r + 2. What is the units digit of j(o)?
6
Let p(r) = -5*r + 6*r**2 - 2 - r**3 + 0 - 1 + 4. What is the units digit of p(5)?
1
Let k(d) = d**3 - 14*d**2 - 15*d - 36. What is the tens digit of k(16)?
3
Let a = 49 + -27. Suppose -g + 3*g = a. What is the tens digit of g?
1
Let k be (12/18)/((-1)/(-3)). Suppose 3*b - 2*r - 12 = 0, b + k*r + 8 = 3*b. What is the units digit of b?
4
Let f be -1 + -2 + (-9)/(-3). Suppose -2*a + 13 + 3 = f. Let k = a + 1. What is the units digit of k?
9
Let v(o) = -o. Let s be v(2). Let q be (-24)/(-4) - 0/s. Suppose -2*p + q = -p. What is the units digit of p?
6
Suppose k = -3*n + 28, -2*k + 9